{"id":3,"date":"2025-01-28T07:17:58","date_gmt":"2025-01-28T07:17:58","guid":{"rendered":"https:\/\/soperfis.co.mz\/wpress\/?page_id=3"},"modified":"2025-04-17T13:40:45","modified_gmt":"2025-04-17T11:40:45","slug":"about","status":"publish","type":"page","link":"https:\/\/soperfis.co.mz\/index.php\/about\/","title":{"rendered":"Sobre n\u00f3s"},"content":{"rendered":"\t\t<div data-elementor-type=\"wp-page\" data-elementor-id=\"3\" class=\"elementor elementor-3\">\n\t\t\t\t<div class=\"elementor-element elementor-element-a2974f5 e-flex e-con-boxed e-con e-parent\" data-id=\"a2974f5\" data-element_type=\"container\" data-e-type=\"container\">\n\t\t\t\t\t<div class=\"e-con-inner\">\n\t\t\t\t<div class=\"elementor-element elementor-element-83a9d93 elementor-widget__width-initial elementor-widget elementor-widget-heading\" data-id=\"83a9d93\" data-element_type=\"widget\" data-e-type=\"widget\" data-widget_type=\"heading.default\">\n\t\t\t\t<div class=\"elementor-widget-container\">\n\t\t\t\t\t<h2 class=\"elementor-heading-title elementor-size-default\">Transformando Ideias em Realidade com\n Solu\u00e7\u00f5es de Alum\u00ednio Sob Medida<\/h2>\t\t\t\t<\/div>\n\t\t\t\t<\/div>\n\t\t\t\t<div class=\"elementor-element elementor-element-c337246 elementor-widget elementor-widget-text-editor\" data-id=\"c337246\" data-element_type=\"widget\" data-e-type=\"widget\" data-widget_type=\"text-editor.default\">\n\t\t\t\t<div class=\"elementor-widget-container\">\n\t\t\t\t\t\t\t\t\t<p>&#8220;Desde 2005, a Soperfis combina tradi\u00e7\u00e3o, inova\u00e7\u00e3o e excel\u00eancia para criar <br \/>projetos dur\u00e1veis, seguros e esteticamente marcantes.&#8221;<\/p>\t\t\t\t\t\t\t\t<\/div>\n\t\t\t\t<\/div>\n\t\t\t\t\t<\/div>\n\t\t\t\t<\/div>\n\t\t<div class=\"elementor-element elementor-element-c3a01a4 e-flex e-con-boxed e-con e-parent\" data-id=\"c3a01a4\" data-element_type=\"container\" data-e-type=\"container\">\n\t\t\t\t\t<div class=\"e-con-inner\">\n\t\t\t\t<div class=\"elementor-element elementor-element-8bc3a3a elementor-widget elementor-widget-heading\" data-id=\"8bc3a3a\" data-element_type=\"widget\" data-e-type=\"widget\" data-widget_type=\"heading.default\">\n\t\t\t\t<div class=\"elementor-widget-container\">\n\t\t\t\t\t<h5 class=\"elementor-heading-title elementor-size-default\">Quem somos<\/h5>\t\t\t\t<\/div>\n\t\t\t\t<\/div>\n\t\t\t\t<div class=\"elementor-element elementor-element-8ff4fff elementor-widget elementor-widget-text-editor\" data-id=\"8ff4fff\" data-element_type=\"widget\" data-e-type=\"widget\" data-widget_type=\"text-editor.default\">\n\t\t\t\t<div class=\"elementor-widget-container\">\n\t\t\t\t\t\t\t\t\t<p>A <strong>Soperfis<\/strong> foi fundada em 2005 em Maputo com uma vis\u00e3o clara: oferecer solu\u00e7\u00f5es de caixilharias, fachadas e revestimentos que fossem t\u00e3o robustas quanto belas. Desde ent\u00e3o, constru\u00edmos um legado de qualidade e inova\u00e7\u00e3o.<\/p><p>Com uma f\u00e1brica moderna na Machava, ocupando 2000 m\u00b2, e uma equipa de 37 colaboradores especializados, entregamos projetos que marcam paisagens urbanas em Mo\u00e7ambique<\/p>\t\t\t\t\t\t\t\t<\/div>\n\t\t\t\t<\/div>\n\t\t\t\t<div class=\"elementor-element elementor-element-2db7024 elementor-widget elementor-widget-spacer\" data-id=\"2db7024\" data-element_type=\"widget\" data-e-type=\"widget\" data-widget_type=\"spacer.default\">\n\t\t\t\t<div class=\"elementor-widget-container\">\n\t\t\t\t\t\t\t<div class=\"elementor-spacer\">\n\t\t\t<div class=\"elementor-spacer-inner\"><\/div>\n\t\t<\/div>\n\t\t\t\t\t\t<\/div>\n\t\t\t\t<\/div>\n\t\t\t\t<div class=\"elementor-element elementor-element-0b636f1 elementor-widget elementor-widget-heading\" data-id=\"0b636f1\" data-element_type=\"widget\" data-e-type=\"widget\" data-widget_type=\"heading.default\">\n\t\t\t\t<div class=\"elementor-widget-container\">\n\t\t\t\t\t<h6 class=\"elementor-heading-title elementor-size-default\">Miss\u00e3o<\/h6>\t\t\t\t<\/div>\n\t\t\t\t<\/div>\n\t\t\t\t<div class=\"elementor-element elementor-element-f1356e8 elementor-widget elementor-widget-text-editor\" data-id=\"f1356e8\" data-element_type=\"widget\" data-e-type=\"widget\" data-widget_type=\"text-editor.default\">\n\t\t\t\t<div class=\"elementor-widget-container\">\n\t\t\t\t\t\t\t\t\t<p>Oferecer solu\u00e7\u00f5es personalizadas em alum\u00ednio, priorizando durabilidade, design inovador e satisfa\u00e7\u00e3o do cliente.<\/p><p>Como fazemos isso:<\/p><ul><li>Desenvolvendo caixilharias de alum\u00ednio para portas, janelas e port\u00f5es, al\u00e9m de guardas para varandas e duches, e revestimentos feitos em Stac Bond que combinam qualidade t\u00e9cnica com design contempor\u00e2neo.<\/li><li>Trabalhando lado a lado com arquitetos, engenheiros e construtoras para criar solu\u00e7\u00f5es sob medida que atendam \u00e0s necessidades espec\u00edficas de cada projeto.<\/li><li>Garantindo que cada produto entregue seja dur\u00e1vel, seguro e esteticamente impec\u00e1vel.<\/li><\/ul>\t\t\t\t\t\t\t\t<\/div>\n\t\t\t\t<\/div>\n\t\t\t\t<div class=\"elementor-element elementor-element-0adbe85 elementor-widget elementor-widget-heading\" data-id=\"0adbe85\" data-element_type=\"widget\" data-e-type=\"widget\" data-widget_type=\"heading.default\">\n\t\t\t\t<div class=\"elementor-widget-container\">\n\t\t\t\t\t<h6 class=\"elementor-heading-title elementor-size-default\">Vis\u00e3o<\/h6>\t\t\t\t<\/div>\n\t\t\t\t<\/div>\n\t\t\t\t<div class=\"elementor-element elementor-element-90b315a elementor-widget elementor-widget-text-editor\" data-id=\"90b315a\" data-element_type=\"widget\" data-e-type=\"widget\" data-widget_type=\"text-editor.default\">\n\t\t\t\t<div class=\"elementor-widget-container\">\n\t\t\t\t\t\t\t\t\t<p>Ser a escolha n\u00famero 1 para projetos de alum\u00ednio em Mo\u00e7ambique, reconhecida por nossa excel\u00eancia t\u00e9cnica e \u00e9tica profissional.<\/p><p>Objetivos futuros:<\/p><ul><li>Expandir a nossa atua\u00e7\u00e3o para outros pa\u00edses da \u00c1frica Austral.<\/li><li>Ser reconhecida como refer\u00eancia em solu\u00e7\u00f5es de alum\u00ednio sustent\u00e1vel, alinhadas com as demandas globais por constru\u00e7\u00e3o verde.<\/li><li>Continuar a investir em tecnologias de ponta e na capacita\u00e7\u00e3o da nossa equipa.<\/li><\/ul>\t\t\t\t\t\t\t\t<\/div>\n\t\t\t\t<\/div>\n\t\t\t\t<div class=\"elementor-element elementor-element-3028853 elementor-widget elementor-widget-heading\" data-id=\"3028853\" data-element_type=\"widget\" data-e-type=\"widget\" data-widget_type=\"heading.default\">\n\t\t\t\t<div class=\"elementor-widget-container\">\n\t\t\t\t\t<h6 class=\"elementor-heading-title elementor-size-default\">Valores<\/h6>\t\t\t\t<\/div>\n\t\t\t\t<\/div>\n\t\t\t\t<div class=\"elementor-element elementor-element-a96e475 elementor-widget elementor-widget-text-editor\" data-id=\"a96e475\" data-element_type=\"widget\" data-e-type=\"widget\" data-widget_type=\"text-editor.default\">\n\t\t\t\t<div class=\"elementor-widget-container\">\n\t\t\t\t\t\t\t\t\t<p>Buscamos solu\u00e7\u00f5es modernas para atender \u00e0s demandas do futuro.<\/p><p>Objetivos futuros:<\/p><ul><li>Utilizamos alum\u00ednio, um material, 100% recicl\u00e1vel, nos nossos projetos.<br \/>Adotamos pr\u00e1ticas de produ\u00e7\u00e3o que minimizam res\u00edduos e promovem o reaproveitamento de materiais.<\/li><li>Contribu\u00edmos para a efici\u00eancia energ\u00e9tica das constru\u00e7\u00f5es ao projetar solu\u00e7\u00f5es que reduzem o consumo de energia.<\/li><li>Incorporamos tecnologia nos nossos processos de produ\u00e7\u00e3o e instala\u00e7\u00e3o, como sistemas de fachadas energeticamente eficientes e caixilharias otimizadas para isolamento t\u00e9rmico e ac\u00fastico.<\/li><\/ul>\t\t\t\t\t\t\t\t<\/div>\n\t\t\t\t<\/div>\n\t\t\t\t\t<\/div>\n\t\t\t\t<\/div>\n\t\t\t\t<\/div>\n\t\t","protected":false},"excerpt":{"rendered":"<p>Transformando Ideias em Realidade com Solu\u00e7\u00f5es de Alum\u00ednio Sob Medida &#8220;Desde 2005, a Soperfis combina tradi\u00e7\u00e3o, inova\u00e7\u00e3o e excel\u00eancia para [&hellip;]<\/p>\n","protected":false},"author":1,"featured_media":0,"parent":0,"menu_order":0,"comment_status":"closed","ping_status":"closed","template":"","meta":{"site-sidebar-layout":"no-sidebar","site-content-layout":"","ast-site-content-layout":"full-width-container","site-content-style":"default","site-sidebar-style":"default","ast-global-header-display":"","ast-banner-title-visibility":"","ast-main-header-display":"","ast-hfb-above-header-display":"","ast-hfb-below-header-display":"","ast-hfb-mobile-header-display":"","site-post-title":"disabled","ast-breadcrumbs-content":"","ast-featured-img":"disabled","footer-sml-layout":"","theme-transparent-header-meta":"","adv-header-id-meta":"","stick-header-meta":"","header-above-stick-meta":"","header-main-stick-meta":"","header-below-stick-meta":"","astra-migrate-meta-layouts":"default","ast-page-background-enabled":"default","ast-page-background-meta":{"desktop":{"background-color":"var(--ast-global-color-5)","background-image":"","background-repeat":"repeat","background-position":"center center","background-size":"auto","background-attachment":"scroll","background-type":"","background-media":"","overlay-type":"","overlay-color":"","overlay-opacity":"","overlay-gradient":""},"tablet":{"background-color":"","background-image":"","background-repeat":"repeat","background-position":"center center","background-size":"auto","background-attachment":"scroll","background-type":"","background-media":"","overlay-type":"","overlay-color":"","overlay-opacity":"","overlay-gradient":""},"mobile":{"background-color":"","background-image":"","background-repeat":"repeat","background-position":"center center","background-size":"auto","background-attachment":"scroll","background-type":"","background-media":"","overlay-type":"","overlay-color":"","overlay-opacity":"","overlay-gradient":""}},"ast-content-background-meta":{"desktop":{"background-color":"var(--ast-global-color-4)","background-image":"","background-repeat":"repeat","background-position":"center center","background-size":"auto","background-attachment":"scroll","background-type":"","background-media":"","overlay-type":"","overlay-color":"","overlay-opacity":"","overlay-gradient":""},"tablet":{"background-color":"var(--ast-global-color-4)","background-image":"","background-repeat":"repeat","background-position":"center center","background-size":"auto","background-attachment":"scroll","background-type":"","background-media":"","overlay-type":"","overlay-color":"","overlay-opacity":"","overlay-gradient":""},"mobile":{"background-color":"var(--ast-global-color-4)","background-image":"","background-repeat":"repeat","background-position":"center center","background-size":"auto","background-attachment":"scroll","background-type":"","background-media":"","overlay-type":"","overlay-color":"","overlay-opacity":"","overlay-gradient":""}},"footnotes":""},"class_list":["post-3","page","type-page","status-publish","hentry"],"_links":{"self":[{"href":"https:\/\/soperfis.co.mz\/index.php\/wp-json\/wp\/v2\/pages\/3","targetHints":{"allow":["GET"]}}],"collection":[{"href":"https:\/\/soperfis.co.mz\/index.php\/wp-json\/wp\/v2\/pages"}],"about":[{"href":"https:\/\/soperfis.co.mz\/index.php\/wp-json\/wp\/v2\/types\/page"}],"author":[{"embeddable":true,"href":"https:\/\/soperfis.co.mz\/index.php\/wp-json\/wp\/v2\/users\/1"}],"replies":[{"embeddable":true,"href":"https:\/\/soperfis.co.mz\/index.php\/wp-json\/wp\/v2\/comments?post=3"}],"version-history":[{"count":14,"href":"https:\/\/soperfis.co.mz\/index.php\/wp-json\/wp\/v2\/pages\/3\/revisions"}],"predecessor-version":[{"id":509,"href":"https:\/\/soperfis.co.mz\/index.php\/wp-json\/wp\/v2\/pages\/3\/revisions\/509"}],"wp:attachment":[{"href":"https:\/\/soperfis.co.mz\/index.php\/wp-json\/wp\/v2\/media?parent=3"}],"curies":[{"name":"wp","href":"https:\/\/api.w.org\/{rel}","templated":true}]}}